h be 3*(-1 - 0) + 5. Suppose 65 = h*q + 3*q. What is the remainder when 23 is divided by q?
10
Let p(k) = -k + 10. Calculate the remainder when 33 is divided by p(3).
5
Suppose -17 = -z - 3. What is the remainder when (-4)/(-2)*(4 - -16) is divided by z?
12
Suppose -2*w = -3*w + 10. Let x = -1 + w. Calculate the remainder when 34 is divided by x.
7
Let i be (-8)/40 - 41/(-5). Let q(r) = r. Let y be q(0). Let k = i + y. Calculate the remainder when 23 is divided by k.
7
Let o be (-2)/5*(-60)/3. Suppose -2*z + o = 2. What is the remainder when 7 is divided by z?
1
Suppose -2*i + 106 = -34. Calculate the remainder when i is divided by 25.
20
Let n be 1/(-2) + 2/4. Suppose n = a + 2*a - 33. What is the remainder when a is divided by 6?
5
Suppose 5*w - 173 = -8. Calculate the remainder when w is divided by (2/4)/(1/18).
6
Let c = 87 - 73. Calculate the remainder when c is divided by 4.
2
Let u(d) = d - 5. Calculate the remainder when (2/(-1))/(4/((-10)/5)) is divided by u(6).
0
Let u be 64/6 - (-7)/21. Let h = 12 + u. Calculate the remainder when h is divided by 13.
10
Suppose i - 36 = -14. What is the remainder when 87 is divided by i?
21
Calculate the remainder when 76 is divided by (-1)/(2/6*(-6)/26).
11
Let h be (-3 + 5)*29/(-2). Let q = h - -55. Calculate the remainder when q is divided by -2*(1 - (-11)/(-2)).
8
Let b(t) = -23*t**3 - t**2 + t + 1. Let l be b(-1). Let y = l + -11. What is the remainder when y is divided by 6?
5
Suppose -4 = -2*z - 2*z + j, 0 = -3*z + j + 2. Let r = z + 8. Calculate the remainder when r is divided by 3.
1
Suppose 9*z - 6*z = 51. Calculate the remainder when z is divided by 10.
7
Let a = 4 - -58. Calculate the remainder when a is divided by 33.
29
Suppose 0 = h + h - 106. Calculate the remainder when h is divided by 19.
15
Let f = -17 - -30. What is the remainder when f is divided by 7?
6
Suppose -3*z = 4*g - 18, -g = -3*z + 4 - 1. What is the remainder when (-32)/(g/(2 - 5)) is divided by (-1 + 0)/((-2)/22)?
10
Suppose 0*v - 48 = -6*v. Let y = 7 + v. What is the remainder when y is divided by 8?
7
Suppose -371 = -10*p + 49. Calculate the remainder when 82 is divided by p.
40
Let y(n) = 3*n**2 + 9*n + 23. Let b(z) = 3*z**2 - 5*z - 5. What is the remainder when b(5) is divided by y(-3)?
22
Suppose 7 = 2*h + 3. Calculate the remainder when (-1 - 0)*-41 - h is divided by 10.
9
Suppose 151 = 13*s + 21. Calculate the remainder when 28 is divided by s.
8
Suppose 3*p - 4*q - 194 = 53, -5*p + q + 389 = 0. What is the remainder when p is divided by 20?
17
Let h(n) = -2*n**3 + 2*n + 1 + 2*n**2 - 4*n**2 + 0*n. Let b(w) = w - 8. Let o be b(6). Calculate the remainder when h(o) is divided by 3.
2
Let b(d) = d - 2. Let w be b(-4). Let t(p) = -p**3 - 4*p**2 + 3*p + 7. What is the remainder when t(w) is divided by 21?
19
Calculate the remainder when 126 is divided by (47 - (1 - -3))*1.
40
Let g(r) = r**3 - 3*r**2 - 5*r + 6. Let d be g(4). Suppose 0 = -4*z + d*a + a - 7, -4*z + 5*a = 9. Calculate the remainder when 31 is divided by 33*1*z/(-3).
9
What is the remainder when ((-5)/2)/((-1)/6) is divided by (-68)/(-8) - (-3 + -1)/(-8)?
7
Let s = 58 - 1. Suppose -3*h - 3 + s = 0. Let r(b) = b**2 - 1. What is the remainder when r(6) is divided by h?
17
Let p = -20 + 41. Let v = 555 + -516. Calculate the remainder when v is divided by p.
18
Let x(n) = -n**3 - n**2 - 4. Let w(u) be the first derivative of -u**3/3 - 3*u**2 + 4*u - 2. Let m be w(-7). Calculate the remainder when x(m) is divided by 5.
4
Suppose -4*r = -4*b - 8, -r = -b + 5*b - 17. Let k(m) = m + 14. Let g(a) = a + 1. Let j be g(-1). What is the remainder when k(j) is divided by r?
4
Let o be 9/12 - 285/(-4). Suppose -5*s = -f + o, 6*f + 5*s - 270 = f. Calculate the remainder when f is divided by 20.
17
Let f be (-6)/9*(-18)/(-4). Let z(p) = 6*p**2 + 4*p + 1. What is the remainder when z(f) is divided by 11?
10
Calculate the remainder when (-38)/(-19)*(-35)/(-2) is divided by 18.
17
Suppose 20 = -2*d + 4. Let o = d - -11. Calculate the remainder when 4 is divided by o.
1
Let a = -21 + 30. Suppose -6*k + 13 = -143. What is the remainder when k is divided by a?
8
Let m(w) = 9*w**3 - 10*w**2 + 15*w - 17. Let q(l) = -4*l**3 + 5*l**2 - 7*l + 8. Let s(y) = 3*m(y) + 7*q(y). Calculate the remainder when 14 is divided by s(4).
4
Let f = 68 + -48. What is the remainder when 77 is divided by f?
17
What is the remainder when 140 is divided by ((-182)/(-70))/(2/10)?
10
Let p = -9 + 12. Calculate the remainder when 14 is divided by p.
2
Suppose 3*w - w = 18. Calculate the remainder when -3 + (-2 - (-1 + -20)) is divided by w.
7
Let h(j) = -j**3 + j**2 + 5. Calculate the remainder when h(0) is divided by 3.
2
Let r(y) = y + 20. Let z = 56 - 39. What is the remainder when z is divided by r(-10)?
7
Let h(p) = -3*p**3 + 3*p + 3. Let j be -5*(-2 + 0 + 1). Suppose 5*c = -4*d + 43, j*c - 5*d - 59 = c. What is the remainder when h(-2) is divided by c?
10
Let f = 19 - 9. Suppose -x + 6*x - o - 30 = 0, 2*o = 4*x - 24. Calculate the remainder when f is divided by x.
4
Let n(u) = -u + 5. Let z be n(-4). Suppose -d + 4*d - 3*v = 12, 0 = 3*d + 4*v + z. Calculate the remainder when 1 is divided by d.
0
Suppose 4*j + 26 = 2*l, 3*j = l - 17 - 1. Suppose -2*i + 2 - 17 = 5*o, 0 = 5*i - l*o - 40. Calculate the remainder when 18 is divided by (-1 - -4)/(3/i).
3
Let z = -20 - -43. Suppose 6*d = -4*v + d + 37, -2*d - 58 = -4*v. What is the remainder when z is divided by v?
10
Calculate the remainder when (-25)/(-2) + (-27)/(-18) is divided by (8/(-3))/((-2)/6).
6
Suppose 14 = -3*m + 2*z - 6*z, z = -4*m + 3. Suppose 3*a = -2*o + 67, -3*o - m*a + 111 = -a. What is the remainder when o is divided by 10?
8
Calculate the remainder when 49 is divided by 8 - (-2 + 1*(2 - 2)).
9
Suppose 6*w - 3*w = 6. What is the remainder when 20 is divided by w - 5/(15/(-27))?
9
Calculate the remainder when 96 is divided by (99/12)/(20/16 - 1).
30
Suppose 3*h = -4*g + 2*h + 9, 3*h + 9 = 0. Suppose -g*k + 9 = -18. What is the remainder when 26 is divided by k?
8
Let u(n) = -4*n**2 + 7*n. Let g(s) = s**2. Let a(z) = 3*g(z) + u(z). Let p be a(8). Let i = 12 + p. What is the remainder when i is divided by 2?
0
Suppose 9 + 41 = 2*g. What is the remainder when 22 is divided by ((-45)/g)/(6/(-20))?
4
Let j(z) be the third derivative of -7*z**4/24 + z**3/2 - z**2. What is the remainder when 121 is divided by j(-4)?
28
Calculate the remainder when (3 + -30)/(1/(-1)) is divided by 11.
5
Let d(x) = 4*x - 17. Calculate the remainder when 17 is divided by d(6).
3
Let q = 8 + 20. Calculate the remainder when q is divided by 10.
8
Let c(g) = g**2 + 9*g + 1. Suppose -5*b + 11 = 1. Calculate the remainder when b is divided by c(-9).
0
Suppose i - 15 = -3*r + 7, 3*i - 71 = -4*r. Let o = -1 + 4. Suppose -146 = x - o*x. What is the remainder when x is divided by i?
23
Let a(k) = 5*k + 2. Let p(d) = 31*d**2 + 2*d - 1. What is the remainder when p(1) is divided by a(1)?
4
Suppose -2*k + 4 = -0. Let o(q) = -7 + 0*q**3 + q**2 - 3*q - 10*q**k - q**3. Calculate the remainder when o(-9) is divided by 7.
6
Let b be ((-8)/12)/(2/3). Let n be 5/((-1 + 0)/b). Suppose -k - 4*f + 2*f = -3, 0 = -n*k - 5*f + 25. What is the remainder when k is divided by 4?
3
Let i be 3/(-5)*(-10 + -5). What is the remainder when 57 is divided by (-261)/(-6)*6/i?
28
Let q = 61 + 9. Calculate the remainder when q is divided by 12.
10
Suppose 4*w - 45 = -3*g, -w + 30 = w + 4*g. Suppose -p + w + 17 = 0. What is the remainder when (1*11)/(2/14) is divided by p?
25
Let y = 28 - 0. Calculate the remainder when 79 is divided by y.
23
Calculate the remainder when (-1860)/(-25) + -6 - (-2)/(-5) is divided by 16.
4
Suppose 4*r = 5*r - 7. What is the remainder when r is divided by 3?
1
Let k(i) = 8*i + 6. Let d be k(-4). Let j = d - -33. Let q(s) = 3*s**2 + s. Calculate the remainder when j is divided by q(1).
3
Suppose -2*m - 338 = -4*x, -5*x - 6*m + 403 = -2*m. What is the remainder when x is divided by 21?
20
Let d(a) = -a**3 - 8*a**2 - a + 8. What is the remainder when d(-9) is divided by 9?
8
Suppose 4*w - 8 = 4. Suppose 3 = 2*x + g, x + g = -3*x + w. Suppose x = 2*b + b - 12. Calculate the remainder when 10 is divided by b.
2
Let u(f) = -4*f - 1. Let y be u(-1). Let b(p) = -1 + 4*p +